) is divided by (-130)/(-14) - 6/21.
6
What is the remainder when 205 is divided by (-2 - (-16)/14)/((-102)/357)?
1
Let o = 3 - 12. Let t be (-2 - (2 + o)) + 2. Suppose t*f + 48 = 10*f. Calculate the remainder when 46 is divided by f.
14
Let o(n) = 2*n + 4. Let b be o(0). What is the remainder when 20 is divided by 2*(-3)/b*-2?
2
Let x be ((-12)/(-2))/(22/(-33)). Let h = x + 12. Calculate the remainder when h is divided by 3.
0
Suppose -4*x + 4*v + 48 = 0, 5*x - 2*v = -7*v + 40. Suppose 19*j = -5*l + 18*j + 7, 5*j = l + 9. Calculate the remainder when (-16)/(-20)*x/4 is divided by l.
0
Let t(l) = 0*l**2 + 0*l**2 - 14 - 14*l - 6*l**2 + 5*l**2. Calculate the remainder when 29 is divided by t(-12).
9
Let g(q) be the third derivative of -q**4/24 + q**3/6 + q**2. Suppose -141 + 97 = 4*y. What is the remainder when g(y) is divided by 7?
5
Suppose 4*i - 2104 = 2*m, -4*i - m + 766 = -1332. Calculate the remainder when i is divided by 53.
48
Suppose 37 = 5*h - 5*a - 28, -44 = -2*h - 4*a. Calculate the remainder when 61 is divided by h.
13
Suppose 3*p - 10 - 50 = 0. Let z(i) = 4*i - 3. Let b be z(7). Let g = b - p. What is the remainder when 8 is divided by g?
3
Suppose -5*w + 38 = 2*t, 3*t - 4*t = -2*w - 19. Let k(p) = 11*p - 381. What is the remainder when t is divided by k(36)?
4
Suppose -p - 91 = -4*s, -2*p = -s - 6*p + 10. Let c = s - 1. What is the remainder when c is divided by 11?
10
Let y(l) = l**3 - 5*l**2 + 6*l - 6. Let k be y(4). Suppose -4 = -2*s, b + 4*s + 16 = k*b. Calculate the remainder when 87 is divided by b.
15
Let r be 1 + 531 + (-18)/9. Suppose 6*o + 4*o = r. What is the remainder when o is divided by 19?
15
Suppose -2*x - 14 = o - 5*x, -o = 5*x - 26. Let p = o + 9. Suppose 2*b - 16 = -2*b. What is the remainder when p is divided by b?
2
Let q(i) = i**3 + 11*i**2 + 9. Suppose -2*g = -3*c - 33, 5*c + 31 + 24 = -2*g. Calculate the remainder when 26 is divided by q(c).
8
Let g(c) = 22*c - 2. Calculate the remainder when 458 is divided by g(2).
38
Let q be 39/(-9) + 1/3. Calculate the remainder when 2658/15 - ((-76)/20 - q) is divided by 45.
42
Suppose 2*g - 6*g + 3*r = -180, 128 = 3*g - 4*r. Calculate the remainder when 181 is divided by g.
37
Suppose -h = 4*h - 90. Calculate the remainder when h is divided by 2/(2 + 84/(-49)).
4
Suppose 527*m - 518*m = 4131. Calculate the remainder when m is divided by 11.
8
Let c = 26 + -44. Let n = -5 - c. What is the remainder when 63 is divided by n?
11
Let p(i) be the second derivative of -i**4/12 + 11*i**3/6 - 7*i**2 - 9*i. Let d be p(12). Let a = -18 - d. What is the remainder when a is divided by 3?
2
Let u(s) = -s**2 - 8*s + 21. Suppose 2*b + 3*b = -30. Calculate the remainder when u(b) is divided by 19.
14
Suppose 4*x - 67 = 5. Suppose -3*v - x = -75. Suppose -5*d - 4*l = v - 53, 8 = d + 2*l. What is the remainder when 16 is divided by d?
4
Let o(p) = 19*p**2 + 3*p + 3. What is the remainder when 52 is divided by o(-1)?
14
What is the remainder when 224 is divided by (-4)/(-2 - (384/51)/(-4))?
20
Let l be (22/77)/((-1)/(-7)). Suppose -2*w + q = -7*w + 124, 54 = l*w - 4*q. Let b = 203 + -106. Calculate the remainder when b is divided by w.
22
Let k be -1*(1 + 0 + 12). Calculate the remainder when 50 is divided by (1 + 1)*k/(-2).
11
Calculate the remainder when 1331 is divided by (11 + -14)/((-1)/6).
17
Suppose x - 62 = -31. Let j be 3/(6*(-1)/16). Let f = x - j. Calculate the remainder when f is divided by 21.
18
Let w = -323 + 424. Calculate the remainder when w is divided by 34.
33
Suppose 2 = h - 2*w - 17, 25 = -5*w. Let o be 1 + 1 + 0 + 3. Suppose -3*u + n + 52 = 5*n, -n = -o*u + 79. Calculate the remainder when u is divided by h.
7
Suppose -139 = -4*k + 173. Suppose -2*p - 34 = 9*t - 10*t, -43 = -2*t - p. Let c = t + k. What is the remainder when c is divided by 26?
24
Suppose 3*s = 132 - 9. Suppose -64 - s = -7*r. Calculate the remainder when 57 is divided by r.
12
Suppose y - 2 = -a - 2*y, -a = -5*y - 18. Let b = 17 - -10. Calculate the remainder when b is divided by a.
3
Let y = 181 + 17. Calculate the remainder when 19 is divided by (1/3)/(1*6/y).
8
Let z(s) = -40*s**3 - 34*s**3 + 8 + 73*s**3 + 9*s**2. Calculate the remainder when z(4) is divided by 19.
12
What is the remainder when 52 is divided by -2*((-46)/4 + 2)?
14
Suppose -2*s - 1 = -39. Suppose 5*x + 4 = 59. What is the remainder when s is divided by x?
8
Let h = -9 + 7. Let p be (h/4)/((-6)/12). Suppose 5*g = 74 + p. Calculate the remainder when g is divided by 4.
3
Let o be 7 + (-2)/(-3)*-3. Suppose -o*m - 4*a - 21 = -0*m, 3*m - 3*a + 18 = 0. Let x = 11 + m. What is the remainder when 23 is divided by x?
5
Let s(z) = 89*z - 63. What is the remainder when s(2) is divided by 7?
3
Let y = -107 - -160. Calculate the remainder when 114 is divided by y.
8
Let d be 10/(-45) - 2344/(-18). Suppose -l = -1 - 0, -4*l + d = 3*c. Calculate the remainder when c is divided by 3/1*(-33)/(-9).
9
Suppose -2*g - u = -5, 0 = g - 2*u - 2*u - 25. What is the remainder when 18 is divided by g?
3
Let d(t) = -9 - 3*t**2 + t**2 + 6*t**2 - 5*t. Calculate the remainder when d(-3) is divided by 9.
6
What is the remainder when (-1)/(-7) + 19129/259 is divided by 5?
4
Let p be (-9)/(2*(-6)/8). Suppose -9 = -g + p. Calculate the remainder when g is divided by ((-58)/(-435))/((-1)/(-9))*5.
3
Suppose 2*g - 8 = 0, -2*j + 3*g = 2 + 2. Suppose -5*b - 3*o = -11, -7*b = -3*b + j*o - 12. What is the remainder when 2 is divided by b?
0
Suppose -2*t - 254 = -5*z, -5*z + 112 + 136 = -4*t. Let h(s) = -s - 2. Let o be h(2). Let p = o + z. Calculate the remainder when p is divided by 17.
14
Suppose -52 + 181 = 3*n. Suppose 5*u - 110 = -5*u. What is the remainder when n is divided by u?
10
Let b(d) = d**2 - 2*d - 3. Suppose -4*j + 6*j = -4. Let k(w) = -158*w + 2216. Calculate the remainder when b(j) is divided by k(14).
1
Suppose 34 = 2*q - 2*l, 5*l = 4*q - q - 53. Suppose q = 2*u + 2*u. What is the remainder when 59/8*2*u is divided by 15?
14
Suppose -3*z + 232 = 2*f, 8*z = -f + 3*z + 102. Suppose 5*t + 4*n - 291 = 0, t + t + 3*n = f. What is the remainder when t is divided by 14?
13
Suppose 3*h - 35 = 16. What is the remainder when (-6)/8 + 13005/204 is divided by h?
12
Let g = -43 + -85. Suppose -22*l = -59*l + 2294. Calculate the remainder when l is divided by (-4)/12 + g/(-6).
20
Let j(y) = 3*y - y + y. What is the remainder when j(9) is divided by (-252)/180*(-6 - -1)?
6
Suppose 120 = 5*u - z, -4*u = -3*u - 2*z - 33. Suppose 3*w - 5*i = 60, 2*i + 3*i = -5*w + 60. What is the remainder when u is divided by w?
8
Suppose -7*h + 4*o - 56 = -6*h, 4 = -o. Let y = h + 103. Calculate the remainder when y is divided by 6.
1
Suppose 2*v + 11*d - 15*d = 70, 0 = 2*v - d - 61. Calculate the remainder when 111 is divided by v.
24
Let n(o) = 112*o - 645. Let w = 1 - -42. Suppose 3*b - i = w, -i = 2*b - b - 13. Calculate the remainder when n(6) is divided by b.
13
Let y(i) be the third derivative of i**4/8 + 4*i**3 - 11*i**2. Let l be y(-7). Suppose -2*p + l*p - 30 = 0. Calculate the remainder when 117 is divided by p.
27
Suppose -3*g = 61 - 25. Let k = 32 + g. What is the remainder when k is divided by 6?
2
Suppose -3*c - 5 = -224. Calculate the remainder when 290 is divided by c.
71
Let r = -1112 + 1132. What is the remainder when 336 is divided by r?
16
Let q be 248/(-8) - (-2 - 2). Let t = 4 - q. Suppose 0 = 3*m - s - s - t, -3*m + 32 = -s. What is the remainder when 75 is divided by m?
9
Let u = 407 - 285. Suppose 3*l + 2*t - 3*t - u = 0, 2*l = -4*t + 100. Calculate the remainder when 167 is divided by l.
41
Let r = -46 - -11. Let a = r - -39. Let c(g) = -g**3 + 5*g**2 + 4*g - 1. What is the remainder when c(a) is divided by 8?
7
Let s(c) = 3*c**2 + c + 1. Let z be s(-1). Suppose 0 = -z*o + 4*o - 18. What is the remainder when o is divided by ((-5)/20 - (-15)/20)*8?
2
Let x(v) = 10*v + 32. Calculate the remainder when x(0) is divided by 6.
2
Let v = 25 - 50. Let j = v - -41. Suppose 2*f = 3*t - 91, t - 4*t - 4*f + 97 = 0. Calculate the remainder when t is divided by j.
15
Suppose 0 = -3*b - 2*h + 403, -b - 3*b + 544 = -4*h. What is the remainder when b is divided by 3*(23/3 - 0/(-6))?
20
Suppose 0 = -4*x - 12, -10 = -2*s + x + 11. Calculate the remainder when 36 is divi